{"id":15,"date":"2018-11-13T14:57:55","date_gmt":"2018-11-13T14:57:55","guid":{"rendered":"http:\/\/www.feldolgozoiparibiztonsag.hu\/?page_id=15"},"modified":"2024-07-16T13:06:56","modified_gmt":"2024-07-16T13:06:56","slug":"rendezvenyek","status":"publish","type":"page","link":"https:\/\/www.feldolgozoiparibiztonsag.hu\/index.php\/rendezvenyek\/","title":{"rendered":"Rendezv\u00e9nyek"},"content":{"rendered":"<\/p>\n<p style=\"text-align: justify;\">T\u00e1j\u00e9koztat\u00f3 rendezv\u00e9nyek a c\u00e9lcsoport sz\u00e1m\u00e1ra, inform\u00e1ci\u00f3s napok, tekintettel a p\u00e1ly\u00e1zati felh\u00edv\u00e1sban r\u00f6gz\u00edtett el\u0151\u00edr\u00e1sokra (6 r\u00e9gi\u00f3 el\u00e9r\u00e9se). 6 rendezv\u00e9ny val\u00f3sult meg, rendezv\u00e9nyenk\u00e9nt 50 f\u0151 r\u00e9szv\u00e9tel\u00e9vel (\u00f6sszesen 300 f\u0151) a hat konvergencia r\u00e9gi\u00f3ban.<\/p>\n<p>2019.07.05. Eger<\/p>\n<p>2019.07.19. Gy\u0151r<\/p>\n<p>2019.08.12. Ajak<\/p>\n<p>2019.08.23. Sz\u00e9kesfeh\u00e9rv\u00e1r<\/p>\n<p>2019.11.13. Tatab\u00e1nya<\/p>\n<p>2019.11.29.\u00a0 Tatab\u00e1nya<\/p>\n<p><em>A rendezv\u00e9nyekr\u0151l a fot\u00f3k a Gal\u00e9ri\u00e1ban tekinthet\u0151ek meg.<\/em><\/p>\n<\/p>\n<h3>\u00a0<\/h3>\n<h3 style=\"text-align: center;\">Eger \u2013 2019.07.05.<\/h3>\n\n\n<figure class=\"wp-block-gallery has-nested-images columns-default is-cropped wp-block-gallery-1 is-layout-flex wp-block-gallery-is-layout-flex\">\n<figure class=\"wp-block-image size-large\"><a href=\"https:\/\/www.feldolgozoiparibiztonsag.hu\/wp-content\/uploads\/2020\/09\/IMG_1425-scaled.jpg\"><img loading=\"lazy\" decoding=\"async\" width=\"1024\" height=\"768\" data-id=\"687\" src=\"https:\/\/www.feldolgozoiparibiztonsag.hu\/wp-content\/uploads\/2020\/09\/IMG_1425-1024x768.jpg\" alt=\"\" class=\"wp-image-687\" srcset=\"https:\/\/www.feldolgozoiparibiztonsag.hu\/wp-content\/uploads\/2020\/09\/IMG_1425-1024x768.jpg 1024w, https:\/\/www.feldolgozoiparibiztonsag.hu\/wp-content\/uploads\/2020\/09\/IMG_1425-300x225.jpg 300w, https:\/\/www.feldolgozoiparibiztonsag.hu\/wp-content\/uploads\/2020\/09\/IMG_1425-768x576.jpg 768w, https:\/\/www.feldolgozoiparibiztonsag.hu\/wp-content\/uploads\/2020\/09\/IMG_1425-1536x1152.jpg 1536w, https:\/\/www.feldolgozoiparibiztonsag.hu\/wp-content\/uploads\/2020\/09\/IMG_1425-2048x1536.jpg 2048w, https:\/\/www.feldolgozoiparibiztonsag.hu\/wp-content\/uploads\/2020\/09\/IMG_1425-1140x855.jpg 1140w\" sizes=\"auto, (max-width: 1024px) 100vw, 1024px\" \/><\/a><\/figure>\n\n\n\n<figure class=\"wp-block-image size-large\"><a href=\"https:\/\/www.feldolgozoiparibiztonsag.hu\/wp-content\/uploads\/2020\/09\/IMG_1241-scaled.jpg\"><img loading=\"lazy\" decoding=\"async\" width=\"1024\" height=\"768\" data-id=\"688\" src=\"https:\/\/www.feldolgozoiparibiztonsag.hu\/wp-content\/uploads\/2020\/09\/IMG_1241-1024x768.jpg\" alt=\"\" class=\"wp-image-688\" srcset=\"https:\/\/www.feldolgozoiparibiztonsag.hu\/wp-content\/uploads\/2020\/09\/IMG_1241-1024x768.jpg 1024w, https:\/\/www.feldolgozoiparibiztonsag.hu\/wp-content\/uploads\/2020\/09\/IMG_1241-300x225.jpg 300w, https:\/\/www.feldolgozoiparibiztonsag.hu\/wp-content\/uploads\/2020\/09\/IMG_1241-768x576.jpg 768w, https:\/\/www.feldolgozoiparibiztonsag.hu\/wp-content\/uploads\/2020\/09\/IMG_1241-1536x1152.jpg 1536w, https:\/\/www.feldolgozoiparibiztonsag.hu\/wp-content\/uploads\/2020\/09\/IMG_1241-2048x1536.jpg 2048w, https:\/\/www.feldolgozoiparibiztonsag.hu\/wp-content\/uploads\/2020\/09\/IMG_1241-1140x855.jpg 1140w\" sizes=\"auto, (max-width: 1024px) 100vw, 1024px\" \/><\/a><\/figure>\n\n\n\n<figure class=\"wp-block-image size-large\"><a href=\"https:\/\/www.feldolgozoiparibiztonsag.hu\/wp-content\/uploads\/2020\/09\/IMG_1262-scaled.jpg\"><img loading=\"lazy\" decoding=\"async\" width=\"1024\" height=\"768\" data-id=\"689\" src=\"https:\/\/www.feldolgozoiparibiztonsag.hu\/wp-content\/uploads\/2020\/09\/IMG_1262-1024x768.jpg\" alt=\"\" class=\"wp-image-689\" srcset=\"https:\/\/www.feldolgozoiparibiztonsag.hu\/wp-content\/uploads\/2020\/09\/IMG_1262-1024x768.jpg 1024w, https:\/\/www.feldolgozoiparibiztonsag.hu\/wp-content\/uploads\/2020\/09\/IMG_1262-300x225.jpg 300w, https:\/\/www.feldolgozoiparibiztonsag.hu\/wp-content\/uploads\/2020\/09\/IMG_1262-768x576.jpg 768w, https:\/\/www.feldolgozoiparibiztonsag.hu\/wp-content\/uploads\/2020\/09\/IMG_1262-1536x1152.jpg 1536w, https:\/\/www.feldolgozoiparibiztonsag.hu\/wp-content\/uploads\/2020\/09\/IMG_1262-2048x1536.jpg 2048w, https:\/\/www.feldolgozoiparibiztonsag.hu\/wp-content\/uploads\/2020\/09\/IMG_1262-1140x855.jpg 1140w\" sizes=\"auto, (max-width: 1024px) 100vw, 1024px\" \/><\/a><\/figure>\n<\/figure>\n\n\n<h3>\u00a0<\/h3>\n<h3 style=\"text-align: center;\">Gy\u0151r \u2013 2019.07.19.<\/h3>\n\n\n<figure class=\"wp-block-gallery has-nested-images columns-default is-cropped wp-block-gallery-2 is-layout-flex wp-block-gallery-is-layout-flex\">\n<figure class=\"wp-block-image size-large\"><a href=\"https:\/\/www.feldolgozoiparibiztonsag.hu\/wp-content\/uploads\/2020\/09\/IMG_0816-scaled.jpg\"><img loading=\"lazy\" decoding=\"async\" width=\"768\" height=\"1024\" data-id=\"690\" src=\"https:\/\/www.feldolgozoiparibiztonsag.hu\/wp-content\/uploads\/2020\/09\/IMG_0816-768x1024.jpg\" alt=\"\" class=\"wp-image-690\" srcset=\"https:\/\/www.feldolgozoiparibiztonsag.hu\/wp-content\/uploads\/2020\/09\/IMG_0816-768x1024.jpg 768w, https:\/\/www.feldolgozoiparibiztonsag.hu\/wp-content\/uploads\/2020\/09\/IMG_0816-225x300.jpg 225w, https:\/\/www.feldolgozoiparibiztonsag.hu\/wp-content\/uploads\/2020\/09\/IMG_0816-1152x1536.jpg 1152w, https:\/\/www.feldolgozoiparibiztonsag.hu\/wp-content\/uploads\/2020\/09\/IMG_0816-1536x2048.jpg 1536w, https:\/\/www.feldolgozoiparibiztonsag.hu\/wp-content\/uploads\/2020\/09\/IMG_0816-1140x1520.jpg 1140w, https:\/\/www.feldolgozoiparibiztonsag.hu\/wp-content\/uploads\/2020\/09\/IMG_0816-scaled.jpg 1920w\" sizes=\"auto, (max-width: 768px) 100vw, 768px\" \/><\/a><\/figure>\n\n\n\n<figure class=\"wp-block-image size-large\"><a href=\"https:\/\/www.feldolgozoiparibiztonsag.hu\/wp-content\/uploads\/2020\/09\/IMG_0839.jpg\"><img loading=\"lazy\" decoding=\"async\" width=\"707\" height=\"413\" data-id=\"691\" src=\"https:\/\/www.feldolgozoiparibiztonsag.hu\/wp-content\/uploads\/2020\/09\/IMG_0839.jpg\" alt=\"\" class=\"wp-image-691\" srcset=\"https:\/\/www.feldolgozoiparibiztonsag.hu\/wp-content\/uploads\/2020\/09\/IMG_0839.jpg 707w, https:\/\/www.feldolgozoiparibiztonsag.hu\/wp-content\/uploads\/2020\/09\/IMG_0839-300x175.jpg 300w\" sizes=\"auto, (max-width: 707px) 100vw, 707px\" \/><\/a><\/figure>\n\n\n\n<figure class=\"wp-block-image size-large\"><a href=\"https:\/\/www.feldolgozoiparibiztonsag.hu\/wp-content\/uploads\/2020\/09\/IMG_3818_2-scaled.jpg\"><img loading=\"lazy\" decoding=\"async\" width=\"1024\" height=\"1010\" data-id=\"692\" src=\"https:\/\/www.feldolgozoiparibiztonsag.hu\/wp-content\/uploads\/2020\/09\/IMG_3818_2-1024x1010.jpg\" alt=\"\" class=\"wp-image-692\" srcset=\"https:\/\/www.feldolgozoiparibiztonsag.hu\/wp-content\/uploads\/2020\/09\/IMG_3818_2-1024x1010.jpg 1024w, https:\/\/www.feldolgozoiparibiztonsag.hu\/wp-content\/uploads\/2020\/09\/IMG_3818_2-300x296.jpg 300w, https:\/\/www.feldolgozoiparibiztonsag.hu\/wp-content\/uploads\/2020\/09\/IMG_3818_2-768x758.jpg 768w, https:\/\/www.feldolgozoiparibiztonsag.hu\/wp-content\/uploads\/2020\/09\/IMG_3818_2-1536x1515.jpg 1536w, https:\/\/www.feldolgozoiparibiztonsag.hu\/wp-content\/uploads\/2020\/09\/IMG_3818_2-2048x2021.jpg 2048w, https:\/\/www.feldolgozoiparibiztonsag.hu\/wp-content\/uploads\/2020\/09\/IMG_3818_2-1140x1125.jpg 1140w, https:\/\/www.feldolgozoiparibiztonsag.hu\/wp-content\/uploads\/2020\/09\/IMG_3818_2-75x75.jpg 75w\" sizes=\"auto, (max-width: 1024px) 100vw, 1024px\" \/><\/a><\/figure>\n<\/figure>\n\n\n<h3>\u00a0<\/h3>\n<h3 style=\"text-align: center;\">Ajak \u2013 2019.08.12.<\/h3>\n\n\n<figure class=\"wp-block-gallery has-nested-images columns-default is-cropped wp-block-gallery-3 is-layout-flex wp-block-gallery-is-layout-flex\">\n<figure class=\"wp-block-image size-large\"><a href=\"https:\/\/www.feldolgozoiparibiztonsag.hu\/wp-content\/uploads\/2020\/09\/IMG_2049-scaled.jpg\"><img loading=\"lazy\" decoding=\"async\" width=\"1024\" height=\"768\" data-id=\"693\" src=\"https:\/\/www.feldolgozoiparibiztonsag.hu\/wp-content\/uploads\/2020\/09\/IMG_2049-1024x768.jpg\" alt=\"\" class=\"wp-image-693\" srcset=\"https:\/\/www.feldolgozoiparibiztonsag.hu\/wp-content\/uploads\/2020\/09\/IMG_2049-1024x768.jpg 1024w, https:\/\/www.feldolgozoiparibiztonsag.hu\/wp-content\/uploads\/2020\/09\/IMG_2049-300x225.jpg 300w, https:\/\/www.feldolgozoiparibiztonsag.hu\/wp-content\/uploads\/2020\/09\/IMG_2049-768x576.jpg 768w, https:\/\/www.feldolgozoiparibiztonsag.hu\/wp-content\/uploads\/2020\/09\/IMG_2049-1536x1152.jpg 1536w, https:\/\/www.feldolgozoiparibiztonsag.hu\/wp-content\/uploads\/2020\/09\/IMG_2049-2048x1536.jpg 2048w, https:\/\/www.feldolgozoiparibiztonsag.hu\/wp-content\/uploads\/2020\/09\/IMG_2049-1140x855.jpg 1140w\" sizes=\"auto, (max-width: 1024px) 100vw, 1024px\" \/><\/a><\/figure>\n\n\n\n<figure class=\"wp-block-image size-large\"><a href=\"https:\/\/www.feldolgozoiparibiztonsag.hu\/wp-content\/uploads\/2020\/09\/IMG_2063-scaled.jpg\"><img loading=\"lazy\" decoding=\"async\" width=\"1024\" height=\"768\" data-id=\"694\" src=\"https:\/\/www.feldolgozoiparibiztonsag.hu\/wp-content\/uploads\/2020\/09\/IMG_2063-1024x768.jpg\" alt=\"\" class=\"wp-image-694\" srcset=\"https:\/\/www.feldolgozoiparibiztonsag.hu\/wp-content\/uploads\/2020\/09\/IMG_2063-1024x768.jpg 1024w, https:\/\/www.feldolgozoiparibiztonsag.hu\/wp-content\/uploads\/2020\/09\/IMG_2063-300x225.jpg 300w, https:\/\/www.feldolgozoiparibiztonsag.hu\/wp-content\/uploads\/2020\/09\/IMG_2063-768x576.jpg 768w, https:\/\/www.feldolgozoiparibiztonsag.hu\/wp-content\/uploads\/2020\/09\/IMG_2063-1536x1152.jpg 1536w, https:\/\/www.feldolgozoiparibiztonsag.hu\/wp-content\/uploads\/2020\/09\/IMG_2063-2048x1536.jpg 2048w, https:\/\/www.feldolgozoiparibiztonsag.hu\/wp-content\/uploads\/2020\/09\/IMG_2063-1140x855.jpg 1140w\" sizes=\"auto, (max-width: 1024px) 100vw, 1024px\" \/><\/a><\/figure>\n\n\n\n<figure class=\"wp-block-image size-large\"><a href=\"https:\/\/www.feldolgozoiparibiztonsag.hu\/wp-content\/uploads\/2020\/09\/IMG_2113-scaled.jpg\"><img loading=\"lazy\" decoding=\"async\" width=\"1024\" height=\"768\" data-id=\"695\" src=\"https:\/\/www.feldolgozoiparibiztonsag.hu\/wp-content\/uploads\/2020\/09\/IMG_2113-1024x768.jpg\" alt=\"\" class=\"wp-image-695\" srcset=\"https:\/\/www.feldolgozoiparibiztonsag.hu\/wp-content\/uploads\/2020\/09\/IMG_2113-1024x768.jpg 1024w, https:\/\/www.feldolgozoiparibiztonsag.hu\/wp-content\/uploads\/2020\/09\/IMG_2113-300x225.jpg 300w, https:\/\/www.feldolgozoiparibiztonsag.hu\/wp-content\/uploads\/2020\/09\/IMG_2113-768x576.jpg 768w, https:\/\/www.feldolgozoiparibiztonsag.hu\/wp-content\/uploads\/2020\/09\/IMG_2113-1536x1152.jpg 1536w, https:\/\/www.feldolgozoiparibiztonsag.hu\/wp-content\/uploads\/2020\/09\/IMG_2113-2048x1536.jpg 2048w, https:\/\/www.feldolgozoiparibiztonsag.hu\/wp-content\/uploads\/2020\/09\/IMG_2113-1140x855.jpg 1140w\" sizes=\"auto, (max-width: 1024px) 100vw, 1024px\" \/><\/a><\/figure>\n<\/figure>\n\n\n<h3>\u00a0<\/h3>\n<h3 style=\"text-align: center;\">Sz\u00e9kesfeh\u00e9rv\u00e1r \u2013 2019.08.23.<\/h3>\n\n\n<figure class=\"wp-block-gallery has-nested-images columns-default is-cropped wp-block-gallery-4 is-layout-flex wp-block-gallery-is-layout-flex\">\n<figure class=\"wp-block-image size-large\"><a href=\"https:\/\/www.feldolgozoiparibiztonsag.hu\/wp-content\/uploads\/2020\/09\/IMG_3885-scaled.jpg\"><img loading=\"lazy\" decoding=\"async\" width=\"1024\" height=\"768\" data-id=\"696\" src=\"https:\/\/www.feldolgozoiparibiztonsag.hu\/wp-content\/uploads\/2020\/09\/IMG_3885-1024x768.jpg\" alt=\"\" class=\"wp-image-696\" srcset=\"https:\/\/www.feldolgozoiparibiztonsag.hu\/wp-content\/uploads\/2020\/09\/IMG_3885-1024x768.jpg 1024w, https:\/\/www.feldolgozoiparibiztonsag.hu\/wp-content\/uploads\/2020\/09\/IMG_3885-300x225.jpg 300w, https:\/\/www.feldolgozoiparibiztonsag.hu\/wp-content\/uploads\/2020\/09\/IMG_3885-768x576.jpg 768w, https:\/\/www.feldolgozoiparibiztonsag.hu\/wp-content\/uploads\/2020\/09\/IMG_3885-1536x1152.jpg 1536w, https:\/\/www.feldolgozoiparibiztonsag.hu\/wp-content\/uploads\/2020\/09\/IMG_3885-2048x1536.jpg 2048w, https:\/\/www.feldolgozoiparibiztonsag.hu\/wp-content\/uploads\/2020\/09\/IMG_3885-1140x855.jpg 1140w\" sizes=\"auto, (max-width: 1024px) 100vw, 1024px\" \/><\/a><\/figure>\n\n\n\n<figure class=\"wp-block-image size-large\"><a href=\"https:\/\/www.feldolgozoiparibiztonsag.hu\/wp-content\/uploads\/2020\/09\/IMG_3896-scaled.jpg\"><img loading=\"lazy\" decoding=\"async\" width=\"1024\" height=\"768\" data-id=\"697\" src=\"https:\/\/www.feldolgozoiparibiztonsag.hu\/wp-content\/uploads\/2020\/09\/IMG_3896-1024x768.jpg\" alt=\"\" class=\"wp-image-697\" srcset=\"https:\/\/www.feldolgozoiparibiztonsag.hu\/wp-content\/uploads\/2020\/09\/IMG_3896-1024x768.jpg 1024w, https:\/\/www.feldolgozoiparibiztonsag.hu\/wp-content\/uploads\/2020\/09\/IMG_3896-300x225.jpg 300w, https:\/\/www.feldolgozoiparibiztonsag.hu\/wp-content\/uploads\/2020\/09\/IMG_3896-768x576.jpg 768w, https:\/\/www.feldolgozoiparibiztonsag.hu\/wp-content\/uploads\/2020\/09\/IMG_3896-1536x1152.jpg 1536w, https:\/\/www.feldolgozoiparibiztonsag.hu\/wp-content\/uploads\/2020\/09\/IMG_3896-2048x1536.jpg 2048w, https:\/\/www.feldolgozoiparibiztonsag.hu\/wp-content\/uploads\/2020\/09\/IMG_3896-1140x855.jpg 1140w\" sizes=\"auto, (max-width: 1024px) 100vw, 1024px\" \/><\/a><\/figure>\n\n\n\n<figure class=\"wp-block-image size-large\"><a href=\"https:\/\/www.feldolgozoiparibiztonsag.hu\/wp-content\/uploads\/2020\/09\/IMG_20200814_122817-scaled.jpg\"><img loading=\"lazy\" decoding=\"async\" width=\"1024\" height=\"768\" data-id=\"698\" src=\"https:\/\/www.feldolgozoiparibiztonsag.hu\/wp-content\/uploads\/2020\/09\/IMG_20200814_122817-1024x768.jpg\" alt=\"\" class=\"wp-image-698\" srcset=\"https:\/\/www.feldolgozoiparibiztonsag.hu\/wp-content\/uploads\/2020\/09\/IMG_20200814_122817-1024x768.jpg 1024w, https:\/\/www.feldolgozoiparibiztonsag.hu\/wp-content\/uploads\/2020\/09\/IMG_20200814_122817-300x225.jpg 300w, https:\/\/www.feldolgozoiparibiztonsag.hu\/wp-content\/uploads\/2020\/09\/IMG_20200814_122817-768x576.jpg 768w, https:\/\/www.feldolgozoiparibiztonsag.hu\/wp-content\/uploads\/2020\/09\/IMG_20200814_122817-1536x1152.jpg 1536w, https:\/\/www.feldolgozoiparibiztonsag.hu\/wp-content\/uploads\/2020\/09\/IMG_20200814_122817-2048x1536.jpg 2048w, https:\/\/www.feldolgozoiparibiztonsag.hu\/wp-content\/uploads\/2020\/09\/IMG_20200814_122817-1140x855.jpg 1140w\" sizes=\"auto, (max-width: 1024px) 100vw, 1024px\" \/><\/a><figcaption class=\"wp-element-caption\">rpt<\/figcaption><\/figure>\n<\/figure>\n\n\n<h3>\u00a0<\/h3>\n<h3 style=\"text-align: center;\">Tatab\u00e1nya \u2013 2019.11.13.<\/h3>\n\n\n<figure class=\"wp-block-gallery has-nested-images columns-default is-cropped wp-block-gallery-5 is-layout-flex wp-block-gallery-is-layout-flex\">\n<figure class=\"wp-block-image size-large\"><a href=\"https:\/\/www.feldolgozoiparibiztonsag.hu\/wp-content\/uploads\/2020\/02\/IMG_0905-scaled.jpg\"><img loading=\"lazy\" decoding=\"async\" width=\"1024\" height=\"768\" data-id=\"486\" src=\"https:\/\/www.feldolgozoiparibiztonsag.hu\/wp-content\/uploads\/2020\/02\/IMG_0905-1024x768.jpg\" alt=\"\" class=\"wp-image-486\" srcset=\"https:\/\/www.feldolgozoiparibiztonsag.hu\/wp-content\/uploads\/2020\/02\/IMG_0905-1024x768.jpg 1024w, https:\/\/www.feldolgozoiparibiztonsag.hu\/wp-content\/uploads\/2020\/02\/IMG_0905-300x225.jpg 300w, https:\/\/www.feldolgozoiparibiztonsag.hu\/wp-content\/uploads\/2020\/02\/IMG_0905-768x576.jpg 768w, https:\/\/www.feldolgozoiparibiztonsag.hu\/wp-content\/uploads\/2020\/02\/IMG_0905-1536x1152.jpg 1536w, https:\/\/www.feldolgozoiparibiztonsag.hu\/wp-content\/uploads\/2020\/02\/IMG_0905-2048x1536.jpg 2048w, https:\/\/www.feldolgozoiparibiztonsag.hu\/wp-content\/uploads\/2020\/02\/IMG_0905-1140x855.jpg 1140w\" sizes=\"auto, (max-width: 1024px) 100vw, 1024px\" \/><\/a><\/figure>\n\n\n\n<figure class=\"wp-block-image size-large\"><a href=\"https:\/\/www.feldolgozoiparibiztonsag.hu\/wp-content\/uploads\/2020\/02\/IMG_0903-1-scaled.jpg\"><img loading=\"lazy\" decoding=\"async\" width=\"1024\" height=\"768\" data-id=\"485\" src=\"https:\/\/www.feldolgozoiparibiztonsag.hu\/wp-content\/uploads\/2020\/02\/IMG_0903-1-1024x768.jpg\" alt=\"\" class=\"wp-image-485\" srcset=\"https:\/\/www.feldolgozoiparibiztonsag.hu\/wp-content\/uploads\/2020\/02\/IMG_0903-1-1024x768.jpg 1024w, https:\/\/www.feldolgozoiparibiztonsag.hu\/wp-content\/uploads\/2020\/02\/IMG_0903-1-300x225.jpg 300w, https:\/\/www.feldolgozoiparibiztonsag.hu\/wp-content\/uploads\/2020\/02\/IMG_0903-1-768x576.jpg 768w, https:\/\/www.feldolgozoiparibiztonsag.hu\/wp-content\/uploads\/2020\/02\/IMG_0903-1-1536x1152.jpg 1536w, https:\/\/www.feldolgozoiparibiztonsag.hu\/wp-content\/uploads\/2020\/02\/IMG_0903-1-2048x1536.jpg 2048w, https:\/\/www.feldolgozoiparibiztonsag.hu\/wp-content\/uploads\/2020\/02\/IMG_0903-1-1140x855.jpg 1140w\" sizes=\"auto, (max-width: 1024px) 100vw, 1024px\" \/><\/a><\/figure>\n\n\n\n<figure class=\"wp-block-image size-large\"><a href=\"https:\/\/www.feldolgozoiparibiztonsag.hu\/wp-content\/uploads\/2020\/02\/IMG_0901-scaled.jpg\"><img loading=\"lazy\" decoding=\"async\" width=\"1024\" height=\"768\" data-id=\"488\" src=\"https:\/\/www.feldolgozoiparibiztonsag.hu\/wp-content\/uploads\/2020\/02\/IMG_0901-1024x768.jpg\" alt=\"\" class=\"wp-image-488\" srcset=\"https:\/\/www.feldolgozoiparibiztonsag.hu\/wp-content\/uploads\/2020\/02\/IMG_0901-1024x768.jpg 1024w, https:\/\/www.feldolgozoiparibiztonsag.hu\/wp-content\/uploads\/2020\/02\/IMG_0901-300x225.jpg 300w, https:\/\/www.feldolgozoiparibiztonsag.hu\/wp-content\/uploads\/2020\/02\/IMG_0901-768x576.jpg 768w, https:\/\/www.feldolgozoiparibiztonsag.hu\/wp-content\/uploads\/2020\/02\/IMG_0901-1536x1152.jpg 1536w, https:\/\/www.feldolgozoiparibiztonsag.hu\/wp-content\/uploads\/2020\/02\/IMG_0901-2048x1536.jpg 2048w, https:\/\/www.feldolgozoiparibiztonsag.hu\/wp-content\/uploads\/2020\/02\/IMG_0901-1140x855.jpg 1140w\" sizes=\"auto, (max-width: 1024px) 100vw, 1024px\" \/><\/a><\/figure>\n<\/figure>\n\n\n<\/p>\n<h3 style=\"text-align: center;\">Tatab\u00e1nya \u2013 2019.11.29.<\/h3>\n<\/p>\n\n\n<figure class=\"wp-block-gallery has-nested-images columns-default is-cropped wp-block-gallery-6 is-layout-flex wp-block-gallery-is-layout-flex\">\n<figure class=\"wp-block-image size-large\"><a href=\"https:\/\/www.feldolgozoiparibiztonsag.hu\/wp-content\/uploads\/2020\/02\/IMG_3770-scaled.jpg\"><img loading=\"lazy\" decoding=\"async\" width=\"1024\" height=\"683\" data-id=\"493\" src=\"https:\/\/www.feldolgozoiparibiztonsag.hu\/wp-content\/uploads\/2020\/02\/IMG_3770-1024x683.jpg\" alt=\"\" class=\"wp-image-493\" srcset=\"https:\/\/www.feldolgozoiparibiztonsag.hu\/wp-content\/uploads\/2020\/02\/IMG_3770-1024x683.jpg 1024w, https:\/\/www.feldolgozoiparibiztonsag.hu\/wp-content\/uploads\/2020\/02\/IMG_3770-300x200.jpg 300w, https:\/\/www.feldolgozoiparibiztonsag.hu\/wp-content\/uploads\/2020\/02\/IMG_3770-768x512.jpg 768w, https:\/\/www.feldolgozoiparibiztonsag.hu\/wp-content\/uploads\/2020\/02\/IMG_3770-1536x1024.jpg 1536w, https:\/\/www.feldolgozoiparibiztonsag.hu\/wp-content\/uploads\/2020\/02\/IMG_3770-2048x1365.jpg 2048w, https:\/\/www.feldolgozoiparibiztonsag.hu\/wp-content\/uploads\/2020\/02\/IMG_3770-1140x760.jpg 1140w\" sizes=\"auto, (max-width: 1024px) 100vw, 1024px\" \/><\/a><\/figure>\n\n\n\n<figure class=\"wp-block-image size-large\"><a href=\"https:\/\/www.feldolgozoiparibiztonsag.hu\/wp-content\/uploads\/2020\/02\/IMG_3768-scaled.jpg\"><img loading=\"lazy\" decoding=\"async\" width=\"1024\" height=\"683\" data-id=\"492\" src=\"https:\/\/www.feldolgozoiparibiztonsag.hu\/wp-content\/uploads\/2020\/02\/IMG_3768-1024x683.jpg\" alt=\"\" class=\"wp-image-492\" srcset=\"https:\/\/www.feldolgozoiparibiztonsag.hu\/wp-content\/uploads\/2020\/02\/IMG_3768-1024x683.jpg 1024w, https:\/\/www.feldolgozoiparibiztonsag.hu\/wp-content\/uploads\/2020\/02\/IMG_3768-300x200.jpg 300w, https:\/\/www.feldolgozoiparibiztonsag.hu\/wp-content\/uploads\/2020\/02\/IMG_3768-768x512.jpg 768w, https:\/\/www.feldolgozoiparibiztonsag.hu\/wp-content\/uploads\/2020\/02\/IMG_3768-1536x1024.jpg 1536w, https:\/\/www.feldolgozoiparibiztonsag.hu\/wp-content\/uploads\/2020\/02\/IMG_3768-2048x1365.jpg 2048w, https:\/\/www.feldolgozoiparibiztonsag.hu\/wp-content\/uploads\/2020\/02\/IMG_3768-1140x760.jpg 1140w\" sizes=\"auto, (max-width: 1024px) 100vw, 1024px\" \/><\/a><\/figure>\n\n\n\n<figure class=\"wp-block-image size-large\"><a href=\"https:\/\/www.feldolgozoiparibiztonsag.hu\/wp-content\/uploads\/2020\/02\/IMG_5732-scaled.jpg\"><img loading=\"lazy\" decoding=\"async\" width=\"1024\" height=\"768\" data-id=\"491\" src=\"https:\/\/www.feldolgozoiparibiztonsag.hu\/wp-content\/uploads\/2020\/02\/IMG_5732-1024x768.jpg\" alt=\"\" class=\"wp-image-491\" srcset=\"https:\/\/www.feldolgozoiparibiztonsag.hu\/wp-content\/uploads\/2020\/02\/IMG_5732-1024x768.jpg 1024w, https:\/\/www.feldolgozoiparibiztonsag.hu\/wp-content\/uploads\/2020\/02\/IMG_5732-300x225.jpg 300w, https:\/\/www.feldolgozoiparibiztonsag.hu\/wp-content\/uploads\/2020\/02\/IMG_5732-768x576.jpg 768w, https:\/\/www.feldolgozoiparibiztonsag.hu\/wp-content\/uploads\/2020\/02\/IMG_5732-1536x1152.jpg 1536w, https:\/\/www.feldolgozoiparibiztonsag.hu\/wp-content\/uploads\/2020\/02\/IMG_5732-2048x1536.jpg 2048w, https:\/\/www.feldolgozoiparibiztonsag.hu\/wp-content\/uploads\/2020\/02\/IMG_5732-1140x855.jpg 1140w\" sizes=\"auto, (max-width: 1024px) 100vw, 1024px\" \/><\/a><\/figure>\n<\/figure>\n","protected":false},"excerpt":{"rendered":"<p>T\u00e1j\u00e9koztat\u00f3 rendezv\u00e9nyek a c\u00e9lcsoport sz\u00e1m\u00e1ra, inform\u00e1ci\u00f3s napok, tekintettel a p\u00e1ly\u00e1zati felh\u00edv\u00e1sban r\u00f6gz\u00edtett el\u0151\u00edr\u00e1sokra (6 r\u00e9gi\u00f3 el\u00e9r\u00e9se). 6 rendezv\u00e9ny val\u00f3sult meg, rendezv\u00e9nyenk\u00e9nt 50 f\u0151 r\u00e9szv\u00e9tel\u00e9vel (\u00f6sszesen 300 f\u0151) a hat konvergencia r\u00e9gi\u00f3ban. 2019.07.05. Eger 2019.07.19. Gy\u0151r 2019.08.12. Ajak 2019.08.23. Sz\u00e9kesfeh\u00e9rv\u00e1r 2019.11.13. Tatab\u00e1nya 2019.11.29.\u00a0 Tatab\u00e1nya A rendezv\u00e9nyekr\u0151l a fot\u00f3k a Gal\u00e9ri\u00e1ban tekinthet\u0151ek meg. \u00a0 Eger \u2013 2019.07.05. \u00a0 Gy\u0151r \u2013 2019.07.19. \u00a0 Ajak \u2013 2019.08.12. \u00a0 Sz\u00e9kesfeh\u00e9rv\u00e1r \u2013 2019.08.23. \u00a0 Tatab\u00e1nya \u2013 2019.11.13. Tatab\u00e1nya \u2013 2019.11.29.<\/p>\n","protected":false},"author":2,"featured_media":0,"parent":0,"menu_order":0,"comment_status":"closed","ping_status":"closed","template":"","meta":{"footnotes":""},"class_list":["post-15","page","type-page","status-publish","hentry"],"_links":{"self":[{"href":"https:\/\/www.feldolgozoiparibiztonsag.hu\/index.php\/wp-json\/wp\/v2\/pages\/15","targetHints":{"allow":["GET"]}}],"collection":[{"href":"https:\/\/www.feldolgozoiparibiztonsag.hu\/index.php\/wp-json\/wp\/v2\/pages"}],"about":[{"href":"https:\/\/www.feldolgozoiparibiztonsag.hu\/index.php\/wp-json\/wp\/v2\/types\/page"}],"author":[{"embeddable":true,"href":"https:\/\/www.feldolgozoiparibiztonsag.hu\/index.php\/wp-json\/wp\/v2\/users\/2"}],"replies":[{"embeddable":true,"href":"https:\/\/www.feldolgozoiparibiztonsag.hu\/index.php\/wp-json\/wp\/v2\/comments?post=15"}],"version-history":[{"count":15,"href":"https:\/\/www.feldolgozoiparibiztonsag.hu\/index.php\/wp-json\/wp\/v2\/pages\/15\/revisions"}],"predecessor-version":[{"id":778,"href":"https:\/\/www.feldolgozoiparibiztonsag.hu\/index.php\/wp-json\/wp\/v2\/pages\/15\/revisions\/778"}],"wp:attachment":[{"href":"https:\/\/www.feldolgozoiparibiztonsag.hu\/index.php\/wp-json\/wp\/v2\/media?parent=15"}],"curies":[{"name":"wp","href":"https:\/\/api.w.org\/{rel}","templated":true}]}}