{"id":404,"date":"2020-02-04T11:15:37","date_gmt":"2020-02-04T11:15:37","guid":{"rendered":"http:\/\/www.feldolgozoiparibiztonsag.hu\/?page_id=404"},"modified":"2024-07-16T12:58:01","modified_gmt":"2024-07-16T12:58:01","slug":"kapcsolat","status":"publish","type":"page","link":"https:\/\/www.feldolgozoiparibiztonsag.hu\/index.php\/kapcsolat\/","title":{"rendered":"Kapcsolat"},"content":{"rendered":"\n<h4 class=\"wp-block-heading has-text-align-center\"><strong>Magyar Iparsz\u00f6vets\u00e9g (OKISZ)<\/strong><\/h4>\n\n\n\n<p class=\"has-text-align-center\">1141 Budapest, \u00c1lmos vez\u00e9r \u00fatja 58<\/p>\n\n\n\n<p class=\"has-text-align-center\">Telefonsz\u00e1m: +36202542320<\/p>\n\n\n\n<p class=\"has-text-align-center\">Web: <a href=\"http:\/\/www.okisz.hu\" target=\"_blank\" rel=\"noopener\">www.okisz.hu<\/a><\/p>\n\n\n\n<p class=\"has-text-align-center\">Email c\u00edm: <a href=\"mailto:okisz@okiszinfo.hu\">okisz@okiszinfo.hu<\/a><\/p>\n\n\n\n<p class=\"has-text-align-center\"><strong>\u00c9rtelmis\u00e9gi Szakszervezeti T\u00f6m\u00f6r\u00fcl\u00e9s<\/strong><br>1146 Budapest, Th\u00f6k\u00f6ly \u00fat 58-60.<br>Telefonsz\u00e1m: 06\/1-473-1429<br>E-mail c\u00edm: <a href=\"mailto:eszt@eszt.hu\">eszt@eszt.hu<\/a><\/p>\n\n\n\n<p class=\"has-text-align-center\"><strong>Munk\u00e1stan\u00e1csok Orsz\u00e1gos Sz\u00f6vets\u00e9ge<\/strong><br>1125 Budapest, Szarvas G\u00e1bor \u00fat 9\/b.<br>Telefonsz\u00e1m: 06\/1-275-0445<br>E-mail c\u00edm: <a href=\"mailto:mosz@munkastanacsok.hu\">mosz@munkastanacsok.hu<\/a><\/p>\n\n\n\n<p class=\"has-text-align-center\"><strong>F\u00fcggetlen Szakszervezetek Demokratikus Lig\u00e1ja<\/strong><br>1112 Budapest, Sasadi n\u00fat 170.<br>Telefonsz\u00e1m: 06\/1-321-5262<\/p>\n","protected":false},"excerpt":{"rendered":"<p>Magyar Iparsz\u00f6vets\u00e9g (OKISZ) 1141 Budapest, \u00c1lmos vez\u00e9r \u00fatja 58 Telefonsz\u00e1m: +36202542320 Web: www.okisz.hu Email c\u00edm: okisz@okiszinfo.hu \u00c9rtelmis\u00e9gi Szakszervezeti T\u00f6m\u00f6r\u00fcl\u00e9s1146 Budapest, Th\u00f6k\u00f6ly \u00fat 58-60.Telefonsz\u00e1m: 06\/1-473-1429E-mail c\u00edm: eszt@eszt.hu Munk\u00e1stan\u00e1csok Orsz\u00e1gos Sz\u00f6vets\u00e9ge1125 Budapest, Szarvas G\u00e1bor \u00fat 9\/b.Telefonsz\u00e1m: 06\/1-275-0445E-mail c\u00edm: mosz@munkastanacsok.hu F\u00fcggetlen Szakszervezetek Demokratikus Lig\u00e1ja1112 Budapest, Sasadi n\u00fat 170.Telefonsz\u00e1m: 06\/1-321-5262<\/p>\n","protected":false},"author":2,"featured_media":0,"parent":0,"menu_order":0,"comment_status":"closed","ping_status":"closed","template":"","meta":{"footnotes":""},"class_list":["post-404","page","type-page","status-publish","hentry"],"_links":{"self":[{"href":"https:\/\/www.feldolgozoiparibiztonsag.hu\/index.php\/wp-json\/wp\/v2\/pages\/404","targetHints":{"allow":["GET"]}}],"collection":[{"href":"https:\/\/www.feldolgozoiparibiztonsag.hu\/index.php\/wp-json\/wp\/v2\/pages"}],"about":[{"href":"https:\/\/www.feldolgozoiparibiztonsag.hu\/index.php\/wp-json\/wp\/v2\/types\/page"}],"author":[{"embeddable":true,"href":"https:\/\/www.feldolgozoiparibiztonsag.hu\/index.php\/wp-json\/wp\/v2\/users\/2"}],"replies":[{"embeddable":true,"href":"https:\/\/www.feldolgozoiparibiztonsag.hu\/index.php\/wp-json\/wp\/v2\/comments?post=404"}],"version-history":[{"count":9,"href":"https:\/\/www.feldolgozoiparibiztonsag.hu\/index.php\/wp-json\/wp\/v2\/pages\/404\/revisions"}],"predecessor-version":[{"id":773,"href":"https:\/\/www.feldolgozoiparibiztonsag.hu\/index.php\/wp-json\/wp\/v2\/pages\/404\/revisions\/773"}],"wp:attachment":[{"href":"https:\/\/www.feldolgozoiparibiztonsag.hu\/index.php\/wp-json\/wp\/v2\/media?parent=404"}],"curies":[{"name":"wp","href":"https:\/\/api.w.org\/{rel}","templated":true}]}}